vided by 21.
14
Suppose 2*v - 5*r = 11868, 3*r = -v - 2*r + 5934. What is the remainder when v is divided by 165?
159
Let o(t) = -98*t**3 - 6*t**2 + 12*t - 21. Let q be o(2). Let d = q + 810. What is the remainder when 11 is divided by d?
1
Suppose -24*t + 1 = 5*s - 20*t, 4*t + 14 = -2*s. Calculate the remainder when s is divided by 2.
1
Let g = -44196 - -44710. What is the remainder when 552 is divided by g?
38
Let l(u) = -u**3 + 28*u**2 + 14*u - 128. Calculate the remainder when l(10) is divided by 15.
12
Let g be 527 + -4 + 5 + -5 + -3. Suppose 0 = 9*a - a - g. What is the remainder when 259 is divided by a?
64
Let j(b) = -8*b + 513. Calculate the remainder when 250 is divided by j(57).
22
Let x(s) = -5*s - 52. Let k(h) = -h**3 - 24*h**2 + 27*h + 154. Calculate the remainder when k(-25) is divided by x(-22).
46
Let g(b) = 4*b**2 - 3. Suppose 0 = -198*s + 267*s - 2070. Calculate the remainder when g(4) is divided by s.
1
Let g(r) be the second derivative of r**4/12 - 35*r**3/6 + 139*r**2 + 69*r. Let i = 745 - 438. Calculate the remainder when i is divided by g(10).
27
What is the remainder when (-1 + 3)*((-5274)/(-12) + 2) is divided by 15?
13
Let u(y) = 11*y**2 - 8*y - 10. Suppose h + 33 - 29 = 0. Let j be u(h). Suppose -12*w + j = -546. Calculate the remainder when w is divided by 8.
6
Let z(c) = 6*c**3 + 15*c**2 - 38*c + 14. What is the remainder when z(11) is divided by 127?
126
Suppose 5*g + 0*g = -575. Let p = 391 + g. What is the remainder when p is divided by 31?
28
Let z(l) = 44*l + 1333. Calculate the remainder when z(-26) is divided by 101.
88
Let o(z) = -8*z**3 - z**2 - 10*z + 7. Let h be o(4). Let v = -558 - h. What is the remainder when 31 is divided by v?
1
Let i = 611 - 548. Calculate the remainder when 207 is divided by i.
18
Let b(u) be the second derivative of u**5/20 - 11*u**4/12 + 9*u**2/2 - 3*u. Let w be b(11). Let f = 32 - w. Calculate the remainder when 45 is divided by f.
22
Suppose 297 = 2*i - g, -4*i - 12*g + 599 = -19*g. What is the remainder when i is divided by 26?
18
Suppose -574*a + 567*a + 2471 = 0. What is the remainder when a is divided by 17?
13
Suppose k + b = 158, -117 = 3*k - 5*b - 559. What is the remainder when k is divided by 46?
16
Suppose 7*j - 4*j - 36 = 0. Let g(h) = -5*h + 107. Calculate the remainder when 373 is divided by g(j).
44
Suppose -24 = w + 5*r, w + 128 = -2*w - r. Let t = 49 + w. Suppose t*i + z = 225, 3*i = -3*z + 224 - 77. Calculate the remainder when i is divided by 16.
12
Suppose 3*v + 132 = 3*w, 5*v + 4*w + 160 = 2*v. Let f = -30 - v. Calculate the remainder when 142 is divided by f.
16
Let g = -4897 - -4908. What is the remainder when 5356 is divided by g?
10
Let j(n) = 11*n**2 + 87*n + 257. Let p(c) = -7*c**2 - 58*c - 171. Let g(y) = 5*j(y) + 8*p(y). Calculate the remainder when g(-19) is divided by 42.
23
Let n = -13 - -33. Let t = 53 - -246. Let h = 366 - t. What is the remainder when h is divided by n?
7
Let p(w) = -w**3 - 37*w**2 - 26*w + 81. Let t be p(-36). Let n = -257 - t. Calculate the remainder when 1*7*9 - -1 is divided by n.
20
Suppose 5*n = -4*d + 69 + 59, 0 = 3*d + 24. Calculate the remainder when 994 is divided by n.
2
Let k be (-1)/((-48)/(-45) + -1). Let o = -243 - -314. Let y = o - k. What is the remainder when y is divided by 11?
9
Suppose -451 = -4*n + 13. Suppose 0 = 3*u + 5*l - 95, 0 = -3*l + 57 - 72. What is the remainder when n is divided by u?
36
Suppose 4*d - 5*d = -15. Suppose -d*q + 45 = -14*q. Suppose 51 = 4*c - 2*a + 3, -4*a = 2*c - 24. Calculate the remainder when q is divided by c.
9
Let c = 8939 + -8916. What is the remainder when 495 is divided by c?
12
Suppose -w - 2648 = -5*a - 0*w, 2*a = -5*w + 1043. Suppose -a = -13*z + 329. Calculate the remainder when z is divided by 23.
20
Let r = 13 - 9. Suppose 0 = -r*d - 12 + 60. Suppose 3*o + 145 = 4*s - 2*o, 3*s - 110 = 4*o. Calculate the remainder when s is divided by d.
6
What is the remainder when (630/196)/45 - 34089/(-14) is divided by 53?
50
Suppose 11*a = -146 - 129. Let q = 6 + -1. What is the remainder when (-18)/(-45) + (-265)/a is divided by q?
1
Suppose -594*n + 605*n - 2178 = 0. Calculate the remainder when 979 is divided by n.
187
Suppose 11 = 8*r - 61. Calculate the remainder when (166/(-4))/((-5)/10) is divided by 2/(-6) - (2 - 174/r).
15
Let o be (2 - 2) + -1 + 6. Let w be 2 + 222/(10/o). Suppose 371 = 11*r - w. What is the remainder when 173 is divided by r?
41
Let z be (-5)/(-1) + -4 - (-87 - -3). Calculate the remainder when (-8)/20 - (-23834)/z is divided by 72.
64
Let p = 291 + -56. Let u = 303 - p. What is the remainder when 470 is divided by u?
62
Suppose -3*i = -5*q + 380, -2*q - 32 = -5*i - 165. Calculate the remainder when q is divided by (-12)/(-18)*-3 + 29.
25
Let i = -5772 - -3246. Calculate the remainder when i/(-18) + (-4)/((-24)/10) is divided by 48.
46
Let g = -153 + 283. Suppose 3*n - 4*w = 6*n - 230, -2*w - g = -2*n. Suppose -18*a + 128 = -n. What is the remainder when a is divided by 3?
2
Let p = 21199 - 20520. What is the remainder when 1360 is divided by p?
2
Suppose 15*s - 237 = -167 + 410. What is the remainder when 254 is divided by s?
30
Suppose -123*y + 30544 = 28*y + 11820. Calculate the remainder when y is divided by 114.
10
Let o = 320 + -305. Let l be (-12)/(1 + (-5)/7). Let a = l - -86. What is the remainder when a is divided by o?
14
Suppose 0*a + 300 = 4*a. Suppose -10*f = 2*j - 7*f - 473, -3*j + 687 = -3*f. What is the remainder when j is divided by a?
7
Let r(u) = 2*u**2 - 82*u + 12. Let a be r(17). Let x = a - -806. Calculate the remainder when x is divided by 1.
0
Let c(t) = -657*t - 8444. What is the remainder when 589 is divided by c(-13)?
7
Calculate the remainder when 1*5/(-1)*(-15)/(-450)*-7554 is divided by 23.
17
Let b(o) = 60 - 47*o - 2*o**2 + 29*o - 8*o. What is the remainder when b(-13) is divided by 23?
14
What is the remainder when ((-7)/(-147)*7)/(((-78)/5706)/(-13)) is divided by 3?
2
Let p(s) = 2*s + 57. Let o be p(-17). What is the remainder when (-6)/2 - (-322)/o is divided by 7?
4
Suppose -4*p - d - 193 + 753 = 0, -4*p + d = -568. What is the remainder when p - -1 - (-11 - -10) is divided by 29?
27
Suppose -2*n = 72*r - 68*r - 1702, -n + 5*r + 907 = 0. Calculate the remainder when n is divided by 10.
7
Suppose 10*g = 12*g - 34. Suppose -2*d + 15 + g = -4*l, -2*d - 3*l = -18. What is the remainder when 118 is divided by d?
10
Let s(d) = -d**3 + 46*d**2 + 147*d + 71. Calculate the remainder when 477 is divided by s(49).
51
Let x(t) = t**2 - 17*t - 116. Let n be x(23). What is the remainder when (-13)/(-143) - (-1736)/n is divided by 12?
7
Let o(u) = -10*u + 7. Let a be o(8). Let j = -9 - a. Suppose 3882 = -2*g + 3908. What is the remainder when j is divided by g?
12
Let l(d) = -190*d - 14453. What is the remainder when 397 is divided by l(-78)?
30
Let d = -8033 + 8083. Calculate the remainder when 428 is divided by d.
28
Let c be (-1)/1 - (12/4 + -4). Suppose -3*o - 2*o + 149 = i, 3*i - o - 479 = c. Calculate the remainder when i is divided by 40.
39
Let p(v) = -10*v - 20. Let a be p(-26). Suppose d + d = a. Suppose 388 = 124*j - d*j. Calculate the remainder when j is divided by 20.
17
Let t be ((-5)/2)/((-2)/4). Let d be (-9)/(-15) + (-6683)/t. Calculate the remainder when (-1)/((-660)/d + (-3)/6) is divided by 34.
31
Let k = -42 + 18. Calculate the remainder when ((-36)/(-8))/(30/300) is divided by (k/10)/((-2)/20).
21
Suppose -81*o = -75*o. Let w = 47 + -24. Suppose o = z + 9 - w. What is the remainder when 26 is divided by z?
12
Calculate the remainder when 181 is divided by 57/1 - 1/(-2 - -1 - 0).
7
Calculate the remainder when -41*(4/(-9) + -3 + 15/(-27)) is divided by 161.
3
Suppose 0 = -i + 2*v - 158 - 57, 4*i = -4*v - 824. Let s = 247 + i. Calculate the remainder when -1 + (-450)/(-2 - 1) is divided by s.
35
Suppose 13*f + 1595 - 4533 = 0. Suppose 0 = -7*a + 180 + f. What is the remainder when a is divided by 14?
2
Suppose 370*q = 373*q + 57. What is the remainder when 66 is divided by q*(-8 + (-7)/(-1))?
9
Suppose -11*h = -890 - 1222. What is the remainder when h is divided by 56?
24
Let j(i) = 930*i - 3091. Calculate the remainder when j(4) is divided by 312.
5
Suppose 18*i - 19668 - 11202 = 0. What is the remaind